{"id":1044,"date":"2016-09-28T00:36:54","date_gmt":"2016-09-27T23:36:54","guid":{"rendered":"http:\/\/sniperhb.cz\/?page_id=1044"},"modified":"2016-10-02T20:37:32","modified_gmt":"2016-10-02T19:37:32","slug":"becka-pro-juliet-a-barborku-2003","status":"publish","type":"page","link":"https:\/\/sniperhb.cz\/?page_id=1044","title":{"rendered":"2003 &#8211; Be\u010dka pro Juliet a Barborku"},"content":{"rendered":"<p>Are\u00e1l Zdrav\u00ed III.\u00a0\u00a0 Juliet je Jerryho dcera , \u010d\u00ed dcera je Barborka netu\u0161\u00edm , stejn\u011b jako v\u016fbec nezn\u00e1m n\u011bkter\u00e9 lidi na fotografiich<\/p>\n<p>&nbsp;<\/p>\n<div class=\"flagallery phantom_skin\" id=\"FlaGallery_sc1_22\" style='width:640;'><style type=\"text\/css\" class=\"flagallery_skin_style_import\">#FlaGallery_sc1_22 .flagPhantom_ThumbContainer {width:200px; height:180px;}#FlaGallery_sc1_22 .flagPhantom_MobileView .flagPhantom_ThumbContainer {width:150px; height:135px;}#FlaGallery_sc1_22 .flagPhantom_Container {margin-left:auto;margin-right:auto;}#FlaGallery_sc1_22 .flagPhantom_ThumbContainer {margin:8px 0 0 8px;}#FlaGallery_sc1_22 .flagPhantom_ThumbContainer {padding:2px;}#FlaGallery_sc1_22 .flagPhantom_LabelBottom .flagPhantom_ThumbContainer {padding-bottom:36px;}#FlaGallery_sc1_22 .flagPhantom_ThumbContainer,#FlaGallery_sc1_22 .flagPhantom_LabelBottom .flagPhantom_ThumbLabel {background-color:#ffffff;}#FlaGallery_sc1_22 .flagPhantom_ThumbContainer .flagPhantom_Thumb {opacity:0.9;}#FlaGallery_sc1_22 .flagPhantom_ThumbContainer:hover .flagPhantom_Thumb {opacity:1;}#FlaGallery_sc1_22 .flagPhantom_ThumbContainer {border:1px solid #cccccc;}#FlaGallery_sc1_22 .flagPhantom_ThumbContainer {box-shadow:0 0 5px -2px #cccccc;}#FlaGallery_sc1_22 .flagPhantom_ThumbLabel {color:#0b0b0b;}#FlaGallery_sc1_22 .flagPhantom_ThumbLabel a {color:#3695E7;}#FlaGallery_sc1_22 .flagPhantom_LabelInside .flagPhantom_ThumbLabel,#FlaGallery_sc1_22 .flagPhantom_LabelHover .flagPhantom_ThumbLabel {color:#ffffff;}#FlaGallery_sc1_22 .flagPhantom_LabelInside .flagPhantom_ThumbLabel a,#FlaGallery_sc1_22 .flagPhantom_LabelHover .flagPhantom_ThumbLabel a,#FlaGallery_sc1_22 .flagPhantom_LabelInside .flagPhantom_ThumbLabel a:hover,#FlaGallery_sc1_22 .flagPhantom_LabelHover .flagPhantom_ThumbLabel a:hover {color:#e7e179;}<\/style> <div class=\"flagPhantom_Container noLightbox\" style=\"opacity:0\"> <h3>2003 - Be\u010dka pro Juliet a Barborku<\/h3> <div class=\"flagPhantom_thumbsWrapper flagPhantom_ThumbScale flagPhantom_LabelHover\"> <div class=\"flagPhantom_ThumbContainer flagPhantom_ThumbLoader\" data-id=\"1174\" data-ratio=\"1\" data-title=\"\" data-views=\"40\" data-likes=\"0\"> <a href=\"https:\/\/sniperhb.cz\/wp-content\/flagallery\/2003-becka-pro-juliet-a-barborku\/webview\/img00001.jpg\" class=\"flagPhantom_Thumb\"><img decoding=\"async\" class=\"noLazy\" src=\"https:\/\/sniperhb.cz\/wp-content\/flagallery\/2003-becka-pro-juliet-a-barborku\/thumbs\/thumbs_img00001.jpg\" data-src=\"https:\/\/sniperhb.cz\/wp-content\/flagallery\/2003-becka-pro-juliet-a-barborku\/webview\/img00001.jpg\" alt=\"\"\/><\/a> <div class=\"flagPhantom_ThumbLabel\"> <span class=\"flagPhantom_ThumbLabel_title\"><\/span><\/div> <div style=\"display:none;\" class=\"flagPhantom_Details\"> <\/div> <\/div> <div class=\"flagPhantom_ThumbContainer flagPhantom_ThumbLoader\" data-id=\"1175\" data-ratio=\"1\" data-title=\"\" data-views=\"33\" data-likes=\"0\"> <a href=\"https:\/\/sniperhb.cz\/wp-content\/flagallery\/2003-becka-pro-juliet-a-barborku\/webview\/img00002.jpg\" class=\"flagPhantom_Thumb\"><img decoding=\"async\" class=\"noLazy\" src=\"https:\/\/sniperhb.cz\/wp-content\/flagallery\/2003-becka-pro-juliet-a-barborku\/thumbs\/thumbs_img00002.jpg\" data-src=\"https:\/\/sniperhb.cz\/wp-content\/flagallery\/2003-becka-pro-juliet-a-barborku\/webview\/img00002.jpg\" alt=\"\"\/><\/a> <div class=\"flagPhantom_ThumbLabel\"> <span class=\"flagPhantom_ThumbLabel_title\"><\/span><\/div> <div style=\"display:none;\" class=\"flagPhantom_Details\"> <\/div> <\/div> <div class=\"flagPhantom_ThumbContainer flagPhantom_ThumbLoader\" data-id=\"1176\" data-ratio=\"1\" data-title=\"\" data-views=\"25\" data-likes=\"0\"> <a href=\"https:\/\/sniperhb.cz\/wp-content\/flagallery\/2003-becka-pro-juliet-a-barborku\/webview\/img00003.jpg\" class=\"flagPhantom_Thumb\"><img decoding=\"async\" class=\"noLazy\" src=\"https:\/\/sniperhb.cz\/wp-content\/flagallery\/2003-becka-pro-juliet-a-barborku\/thumbs\/thumbs_img00003.jpg\" data-src=\"https:\/\/sniperhb.cz\/wp-content\/flagallery\/2003-becka-pro-juliet-a-barborku\/webview\/img00003.jpg\" alt=\"\"\/><\/a> <div class=\"flagPhantom_ThumbLabel\"> <span class=\"flagPhantom_ThumbLabel_title\"><\/span><\/div> <div style=\"display:none;\" class=\"flagPhantom_Details\"> <\/div> <\/div> <div class=\"flagPhantom_ThumbContainer flagPhantom_ThumbLoader\" data-id=\"1177\" data-ratio=\"1.3333333333333\" data-title=\"\" data-views=\"41\" data-likes=\"0\"> <a href=\"https:\/\/sniperhb.cz\/wp-content\/flagallery\/2003-becka-pro-juliet-a-barborku\/webview\/img00004.jpg\" class=\"flagPhantom_Thumb\"><img decoding=\"async\" class=\"noLazy\" src=\"https:\/\/sniperhb.cz\/wp-content\/flagallery\/2003-becka-pro-juliet-a-barborku\/thumbs\/thumbs_img00004.jpg\" data-src=\"https:\/\/sniperhb.cz\/wp-content\/flagallery\/2003-becka-pro-juliet-a-barborku\/webview\/img00004.jpg\" alt=\"\"\/><\/a> <div class=\"flagPhantom_ThumbLabel\"> <span class=\"flagPhantom_ThumbLabel_title\"><\/span><\/div> <div style=\"display:none;\" class=\"flagPhantom_Details\"> <\/div> <\/div> <div class=\"flagPhantom_ThumbContainer flagPhantom_ThumbLoader\" data-id=\"1178\" data-ratio=\"1.3333333333333\" data-title=\"\" data-views=\"27\" data-likes=\"0\"> <a href=\"https:\/\/sniperhb.cz\/wp-content\/flagallery\/2003-becka-pro-juliet-a-barborku\/webview\/img00005.jpg\" class=\"flagPhantom_Thumb\"><img decoding=\"async\" class=\"noLazy\" src=\"https:\/\/sniperhb.cz\/wp-content\/flagallery\/2003-becka-pro-juliet-a-barborku\/thumbs\/thumbs_img00005.jpg\" data-src=\"https:\/\/sniperhb.cz\/wp-content\/flagallery\/2003-becka-pro-juliet-a-barborku\/webview\/img00005.jpg\" alt=\"\"\/><\/a> <div class=\"flagPhantom_ThumbLabel\"> <span class=\"flagPhantom_ThumbLabel_title\"><\/span><\/div> <div style=\"display:none;\" class=\"flagPhantom_Details\"> <\/div> <\/div> <div class=\"flagPhantom_ThumbContainer flagPhantom_ThumbLoader\" data-id=\"1179\" data-ratio=\"1.3333333333333\" data-title=\"\" data-views=\"9\" data-likes=\"0\"> <a href=\"https:\/\/sniperhb.cz\/wp-content\/flagallery\/2003-becka-pro-juliet-a-barborku\/webview\/img00006.jpg\" class=\"flagPhantom_Thumb\"><img decoding=\"async\" class=\"noLazy\" src=\"https:\/\/sniperhb.cz\/wp-content\/flagallery\/2003-becka-pro-juliet-a-barborku\/thumbs\/thumbs_img00006.jpg\" data-src=\"https:\/\/sniperhb.cz\/wp-content\/flagallery\/2003-becka-pro-juliet-a-barborku\/webview\/img00006.jpg\" alt=\"\"\/><\/a> <div class=\"flagPhantom_ThumbLabel\"> <span class=\"flagPhantom_ThumbLabel_title\"><\/span><\/div> <div style=\"display:none;\" class=\"flagPhantom_Details\"> <\/div> <\/div> <div class=\"flagPhantom_ThumbContainer flagPhantom_ThumbLoader\" data-id=\"1180\" data-ratio=\"1.3333333333333\" data-title=\"\" data-views=\"24\" data-likes=\"0\"> <a href=\"https:\/\/sniperhb.cz\/wp-content\/flagallery\/2003-becka-pro-juliet-a-barborku\/webview\/img00007.jpg\" class=\"flagPhantom_Thumb\"><img decoding=\"async\" class=\"noLazy\" src=\"https:\/\/sniperhb.cz\/wp-content\/flagallery\/2003-becka-pro-juliet-a-barborku\/thumbs\/thumbs_img00007.jpg\" data-src=\"https:\/\/sniperhb.cz\/wp-content\/flagallery\/2003-becka-pro-juliet-a-barborku\/webview\/img00007.jpg\" alt=\"\"\/><\/a> <div class=\"flagPhantom_ThumbLabel\"> <span class=\"flagPhantom_ThumbLabel_title\"><\/span><\/div> <div style=\"display:none;\" class=\"flagPhantom_Details\"> <\/div> <\/div> <div class=\"flagPhantom_ThumbContainer flagPhantom_ThumbLoader\" data-id=\"1181\" data-ratio=\"1\" data-title=\"\" data-views=\"35\" data-likes=\"0\"> <a href=\"https:\/\/sniperhb.cz\/wp-content\/flagallery\/2003-becka-pro-juliet-a-barborku\/webview\/img00008.jpg\" class=\"flagPhantom_Thumb\"><img decoding=\"async\" class=\"noLazy\" src=\"https:\/\/sniperhb.cz\/wp-content\/flagallery\/2003-becka-pro-juliet-a-barborku\/thumbs\/thumbs_img00008.jpg\" data-src=\"https:\/\/sniperhb.cz\/wp-content\/flagallery\/2003-becka-pro-juliet-a-barborku\/webview\/img00008.jpg\" alt=\"\"\/><\/a> <div class=\"flagPhantom_ThumbLabel\"> <span class=\"flagPhantom_ThumbLabel_title\"><\/span><\/div> <div style=\"display:none;\" class=\"flagPhantom_Details\"> <\/div> <\/div> <div class=\"flagPhantom_ThumbContainer flagPhantom_ThumbLoader\" data-id=\"1182\" data-ratio=\"1\" data-title=\"\" data-views=\"25\" data-likes=\"0\"> <a href=\"https:\/\/sniperhb.cz\/wp-content\/flagallery\/2003-becka-pro-juliet-a-barborku\/webview\/img00009.jpg\" class=\"flagPhantom_Thumb\"><img decoding=\"async\" class=\"noLazy\" src=\"https:\/\/sniperhb.cz\/wp-content\/flagallery\/2003-becka-pro-juliet-a-barborku\/thumbs\/thumbs_img00009.jpg\" data-src=\"https:\/\/sniperhb.cz\/wp-content\/flagallery\/2003-becka-pro-juliet-a-barborku\/webview\/img00009.jpg\" alt=\"\"\/><\/a> <div class=\"flagPhantom_ThumbLabel\"> <span class=\"flagPhantom_ThumbLabel_title\"><\/span><\/div> <div style=\"display:none;\" class=\"flagPhantom_Details\"> <\/div> <\/div> <div class=\"flagPhantom_ThumbContainer flagPhantom_ThumbLoader\" data-id=\"1183\" data-ratio=\"1.3333333333333\" data-title=\"\" data-views=\"31\" data-likes=\"0\"> <a href=\"https:\/\/sniperhb.cz\/wp-content\/flagallery\/2003-becka-pro-juliet-a-barborku\/webview\/img00010.jpg\" class=\"flagPhantom_Thumb\"><img decoding=\"async\" class=\"noLazy\" src=\"https:\/\/sniperhb.cz\/wp-content\/flagallery\/2003-becka-pro-juliet-a-barborku\/thumbs\/thumbs_img00010.jpg\" data-src=\"https:\/\/sniperhb.cz\/wp-content\/flagallery\/2003-becka-pro-juliet-a-barborku\/webview\/img00010.jpg\" alt=\"\"\/><\/a> <div class=\"flagPhantom_ThumbLabel\"> <span class=\"flagPhantom_ThumbLabel_title\"><\/span><\/div> <div style=\"display:none;\" class=\"flagPhantom_Details\"> <\/div> <\/div> <div class=\"flagPhantom_ThumbContainer flagPhantom_ThumbLoader\" data-id=\"1184\" data-ratio=\"1\" data-title=\"\" data-views=\"21\" data-likes=\"0\"> <a href=\"https:\/\/sniperhb.cz\/wp-content\/flagallery\/2003-becka-pro-juliet-a-barborku\/webview\/img00011.jpg\" class=\"flagPhantom_Thumb\"><img decoding=\"async\" class=\"noLazy\" src=\"https:\/\/sniperhb.cz\/wp-content\/flagallery\/2003-becka-pro-juliet-a-barborku\/thumbs\/thumbs_img00011.jpg\" data-src=\"https:\/\/sniperhb.cz\/wp-content\/flagallery\/2003-becka-pro-juliet-a-barborku\/webview\/img00011.jpg\" alt=\"\"\/><\/a> <div class=\"flagPhantom_ThumbLabel\"> <span class=\"flagPhantom_ThumbLabel_title\"><\/span><\/div> <div style=\"display:none;\" class=\"flagPhantom_Details\"> <\/div> <\/div> <div class=\"flagPhantom_ThumbContainer flagPhantom_ThumbLoader\" data-id=\"1185\" data-ratio=\"1\" data-title=\"\" data-views=\"17\" data-likes=\"0\"> <a href=\"https:\/\/sniperhb.cz\/wp-content\/flagallery\/2003-becka-pro-juliet-a-barborku\/webview\/img00012.jpg\" class=\"flagPhantom_Thumb\"><img decoding=\"async\" class=\"noLazy\" src=\"https:\/\/sniperhb.cz\/wp-content\/flagallery\/2003-becka-pro-juliet-a-barborku\/thumbs\/thumbs_img00012.jpg\" data-src=\"https:\/\/sniperhb.cz\/wp-content\/flagallery\/2003-becka-pro-juliet-a-barborku\/webview\/img00012.jpg\" alt=\"\"\/><\/a> <div class=\"flagPhantom_ThumbLabel\"> <span class=\"flagPhantom_ThumbLabel_title\"><\/span><\/div> <div style=\"display:none;\" class=\"flagPhantom_Details\"> <\/div> <\/div> <div class=\"flagPhantom_ThumbContainer flagPhantom_ThumbLoader\" data-id=\"1186\" data-ratio=\"1\" data-title=\"\" data-views=\"29\" data-likes=\"0\"> <a href=\"https:\/\/sniperhb.cz\/wp-content\/flagallery\/2003-becka-pro-juliet-a-barborku\/webview\/img00013.jpg\" class=\"flagPhantom_Thumb\"><img decoding=\"async\" class=\"noLazy\" src=\"https:\/\/sniperhb.cz\/wp-content\/flagallery\/2003-becka-pro-juliet-a-barborku\/thumbs\/thumbs_img00013.jpg\" data-src=\"https:\/\/sniperhb.cz\/wp-content\/flagallery\/2003-becka-pro-juliet-a-barborku\/webview\/img00013.jpg\" alt=\"\"\/><\/a> <div class=\"flagPhantom_ThumbLabel\"> <span class=\"flagPhantom_ThumbLabel_title\"><\/span><\/div> <div style=\"display:none;\" class=\"flagPhantom_Details\"> <\/div> <\/div> <div class=\"flagPhantom_ThumbContainer flagPhantom_ThumbLoader\" data-id=\"1187\" data-ratio=\"1.3333333333333\" data-title=\"\" data-views=\"43\" data-likes=\"0\"> <a href=\"https:\/\/sniperhb.cz\/wp-content\/flagallery\/2003-becka-pro-juliet-a-barborku\/webview\/img00014.jpg\" class=\"flagPhantom_Thumb\"><img decoding=\"async\" class=\"noLazy\" src=\"https:\/\/sniperhb.cz\/wp-content\/flagallery\/2003-becka-pro-juliet-a-barborku\/thumbs\/thumbs_img00014.jpg\" data-src=\"https:\/\/sniperhb.cz\/wp-content\/flagallery\/2003-becka-pro-juliet-a-barborku\/webview\/img00014.jpg\" alt=\"\"\/><\/a> <div class=\"flagPhantom_ThumbLabel\"> <span class=\"flagPhantom_ThumbLabel_title\"><\/span><\/div> <div style=\"display:none;\" class=\"flagPhantom_Details\"> <\/div> <\/div> <div class=\"flagPhantom_ThumbContainer flagPhantom_ThumbLoader\" data-id=\"1188\" data-ratio=\"1.3333333333333\" data-title=\"\" data-views=\"28\" data-likes=\"0\"> <a href=\"https:\/\/sniperhb.cz\/wp-content\/flagallery\/2003-becka-pro-juliet-a-barborku\/webview\/img00015.jpg\" class=\"flagPhantom_Thumb\"><img decoding=\"async\" class=\"noLazy\" src=\"https:\/\/sniperhb.cz\/wp-content\/flagallery\/2003-becka-pro-juliet-a-barborku\/thumbs\/thumbs_img00015.jpg\" data-src=\"https:\/\/sniperhb.cz\/wp-content\/flagallery\/2003-becka-pro-juliet-a-barborku\/webview\/img00015.jpg\" alt=\"\"\/><\/a> <div class=\"flagPhantom_ThumbLabel\"> <span class=\"flagPhantom_ThumbLabel_title\"><\/span><\/div> <div style=\"display:none;\" class=\"flagPhantom_Details\"> <\/div> <\/div> <div class=\"flagPhantom_ThumbContainer flagPhantom_ThumbLoader\" data-id=\"1189\" data-ratio=\"1.3333333333333\" data-title=\"\" data-views=\"26\" data-likes=\"0\"> <a href=\"https:\/\/sniperhb.cz\/wp-content\/flagallery\/2003-becka-pro-juliet-a-barborku\/webview\/img00016.jpg\" class=\"flagPhantom_Thumb\"><img decoding=\"async\" class=\"noLazy\" src=\"https:\/\/sniperhb.cz\/wp-content\/flagallery\/2003-becka-pro-juliet-a-barborku\/thumbs\/thumbs_img00016.jpg\" data-src=\"https:\/\/sniperhb.cz\/wp-content\/flagallery\/2003-becka-pro-juliet-a-barborku\/webview\/img00016.jpg\" alt=\"\"\/><\/a> <div class=\"flagPhantom_ThumbLabel\"> <span class=\"flagPhantom_ThumbLabel_title\"><\/span><\/div> <div style=\"display:none;\" class=\"flagPhantom_Details\"> <\/div> <\/div> <div class=\"flagPhantom_ThumbContainer flagPhantom_ThumbLoader\" data-id=\"1190\" data-ratio=\"1.3333333333333\" data-title=\"\" data-views=\"27\" data-likes=\"0\"> <a href=\"https:\/\/sniperhb.cz\/wp-content\/flagallery\/2003-becka-pro-juliet-a-barborku\/webview\/img00017.jpg\" class=\"flagPhantom_Thumb\"><img decoding=\"async\" class=\"noLazy\" src=\"https:\/\/sniperhb.cz\/wp-content\/flagallery\/2003-becka-pro-juliet-a-barborku\/thumbs\/thumbs_img00017.jpg\" data-src=\"https:\/\/sniperhb.cz\/wp-content\/flagallery\/2003-becka-pro-juliet-a-barborku\/webview\/img00017.jpg\" alt=\"\"\/><\/a> <div class=\"flagPhantom_ThumbLabel\"> <span class=\"flagPhantom_ThumbLabel_title\"><\/span><\/div> <div style=\"display:none;\" class=\"flagPhantom_Details\"> <\/div> <\/div> <div class=\"flagPhantom_ThumbContainer flagPhantom_ThumbLoader\" data-id=\"1191\" data-ratio=\"1\" data-title=\"\" data-views=\"20\" data-likes=\"0\"> <a href=\"https:\/\/sniperhb.cz\/wp-content\/flagallery\/2003-becka-pro-juliet-a-barborku\/webview\/img00018.jpg\" class=\"flagPhantom_Thumb\"><img decoding=\"async\" class=\"noLazy\" src=\"https:\/\/sniperhb.cz\/wp-content\/flagallery\/2003-becka-pro-juliet-a-barborku\/thumbs\/thumbs_img00018.jpg\" data-src=\"https:\/\/sniperhb.cz\/wp-content\/flagallery\/2003-becka-pro-juliet-a-barborku\/webview\/img00018.jpg\" alt=\"\"\/><\/a> <div class=\"flagPhantom_ThumbLabel\"> <span class=\"flagPhantom_ThumbLabel_title\"><\/span><\/div> <div style=\"display:none;\" class=\"flagPhantom_Details\"> <\/div> <\/div> <div class=\"flagPhantom_ThumbContainer flagPhantom_ThumbLoader\" data-id=\"1192\" data-ratio=\"1\" data-title=\"\" data-views=\"16\" data-likes=\"0\"> <a href=\"https:\/\/sniperhb.cz\/wp-content\/flagallery\/2003-becka-pro-juliet-a-barborku\/webview\/img00019.jpg\" class=\"flagPhantom_Thumb\"><img decoding=\"async\" class=\"noLazy\" src=\"https:\/\/sniperhb.cz\/wp-content\/flagallery\/2003-becka-pro-juliet-a-barborku\/thumbs\/thumbs_img00019.jpg\" data-src=\"https:\/\/sniperhb.cz\/wp-content\/flagallery\/2003-becka-pro-juliet-a-barborku\/webview\/img00019.jpg\" alt=\"\"\/><\/a> <div class=\"flagPhantom_ThumbLabel\"> <span class=\"flagPhantom_ThumbLabel_title\"><\/span><\/div> <div style=\"display:none;\" class=\"flagPhantom_Details\"> <\/div> <\/div> <div class=\"flagPhantom_ThumbContainer flagPhantom_ThumbLoader\" data-id=\"1193\" data-ratio=\"1.3333333333333\" data-title=\"\" data-views=\"25\" data-likes=\"0\"> <a href=\"https:\/\/sniperhb.cz\/wp-content\/flagallery\/2003-becka-pro-juliet-a-barborku\/webview\/img00020.jpg\" class=\"flagPhantom_Thumb\"><img decoding=\"async\" class=\"noLazy\" src=\"https:\/\/sniperhb.cz\/wp-content\/flagallery\/2003-becka-pro-juliet-a-barborku\/thumbs\/thumbs_img00020.jpg\" data-src=\"https:\/\/sniperhb.cz\/wp-content\/flagallery\/2003-becka-pro-juliet-a-barborku\/webview\/img00020.jpg\" alt=\"\"\/><\/a> <div class=\"flagPhantom_ThumbLabel\"> <span class=\"flagPhantom_ThumbLabel_title\"><\/span><\/div> <div style=\"display:none;\" class=\"flagPhantom_Details\"> <\/div> <\/div> <div class=\"flagPhantom_ThumbContainer flagPhantom_ThumbLoader\" data-id=\"1194\" data-ratio=\"1\" data-title=\"\" data-views=\"18\" data-likes=\"0\"> <a href=\"https:\/\/sniperhb.cz\/wp-content\/flagallery\/2003-becka-pro-juliet-a-barborku\/webview\/img00021.jpg\" class=\"flagPhantom_Thumb\"><img decoding=\"async\" class=\"noLazy\" src=\"https:\/\/sniperhb.cz\/wp-content\/flagallery\/2003-becka-pro-juliet-a-barborku\/thumbs\/thumbs_img00021.jpg\" data-src=\"https:\/\/sniperhb.cz\/wp-content\/flagallery\/2003-becka-pro-juliet-a-barborku\/webview\/img00021.jpg\" alt=\"\"\/><\/a> <div class=\"flagPhantom_ThumbLabel\"> <span class=\"flagPhantom_ThumbLabel_title\"><\/span><\/div> <div style=\"display:none;\" class=\"flagPhantom_Details\"> <\/div> <\/div> <div class=\"flagPhantom_ThumbContainer flagPhantom_ThumbLoader\" data-id=\"1195\" data-ratio=\"1.3333333333333\" data-title=\"\" data-views=\"35\" data-likes=\"0\"> <a href=\"https:\/\/sniperhb.cz\/wp-content\/flagallery\/2003-becka-pro-juliet-a-barborku\/webview\/img00022.jpg\" class=\"flagPhantom_Thumb\"><img decoding=\"async\" class=\"noLazy\" src=\"https:\/\/sniperhb.cz\/wp-content\/flagallery\/2003-becka-pro-juliet-a-barborku\/thumbs\/thumbs_img00022.jpg\" data-src=\"https:\/\/sniperhb.cz\/wp-content\/flagallery\/2003-becka-pro-juliet-a-barborku\/webview\/img00022.jpg\" alt=\"\"\/><\/a> <div class=\"flagPhantom_ThumbLabel\"> <span class=\"flagPhantom_ThumbLabel_title\"><\/span><\/div> <div style=\"display:none;\" class=\"flagPhantom_Details\"> <\/div> <\/div> <\/div> <\/div> <script type=\"text\/javascript\"> jQuery(function(){ var settings = {\"maxheight\":\"0\",\"thumbCols\":\"0\",\"thumbRows\":\"0\",\"thumbsNavigation\":\"scroll\",\"bgColor\":\"#ffffff\",\"bgAlpha\":\"0\",\"thumbWidth\":\"200\",\"thumbHeight\":\"180\",\"thumbWidthMobile\":\"150\",\"thumbHeightMobile\":\"135\",\"thumbsSpacing\":\"8\",\"thumbsVerticalPadding\":\"4\",\"thumbsHorizontalPadding\":\"4\",\"thumbsAlign\":\"center\",\"thumbScale\":\"1\",\"thumbBG\":\"#ffffff\",\"thumbAlpha\":\"90\",\"thumbAlphaHover\":\"100\",\"thumbBorderSize\":\"1\",\"thumbBorderColor\":\"#cccccc\",\"thumbPadding\":\"2\",\"thumbsInfo\":\"label\",\"labelOnHover\":\"1\",\"labelTextColor\":\"#ffffff\",\"labelLinkColor\":\"#e7e179\",\"label8TextColor\":\"#0b0b0b\",\"label8LinkColor\":\"#3695E7\",\"tooltipTextColor\":\"#0b0b0b\",\"tooltipBgColor\":\"#ffffff\",\"tooltipStrokeColor\":\"#000000\",\"lightboxControlsColor\":\"#ffffff\",\"lightboxTitleColor\":\"#f3f3f3\",\"lightboxTextColor\":\"#f3f3f3\",\"lightboxBGColor\":\"#0b0b0b\",\"lightboxBGAlpha\":\"80\",\"socialShareEnabled\":\"1\",\"deepLinks\":\"1\",\"sidebarBGColor\":\"#ffffff\",\"lightbox800HideArrows\":\"0\",\"viewsEnabled\":\"1\",\"likesEnabled\":\"1\",\"thumb2link\":\"0\",\"show_title\":\"1\",\"initRPdelay\":\"200\",\"key\":\"\",\"name\":\"\",\"mfp_css\":\"\\r\\n#mfp_gm_sc1_22 .mfp-arrow-right:after,\\r\\n#mfp_gm_sc1_22 .mfp-arrow-right .mfp-a {border-left-color:#ffffff;}\\r\\n#mfp_gm_sc1_22 .mfp-arrow-left:after,\\r\\n#mfp_gm_sc1_22 .mfp-arrow-left .mfp-a {border-right-color:#ffffff;}\\r\\n#mfp_gm_sc1_22 .mfp-close,\\r\\n#mfp_gm_sc1_22 .mfp-likes,\\r\\n#mfp_gm_sc1_22 .mfp-share {color:#ffffff;}\\r\\n#mfp_gm_sc1_22 .mfp-preloader {background-color:#ffffff;}\\r\\n#mfp_gm_sc1_22 .flagPhantom_title,\\r\\n#mfp_gm_sc1_22 .mfp-counter {color:#f3f3f3;}\\r\\n#mfp_gm_sc1_22 .flagPhantom_text {color:#f3f3f3;}\\r\\n#mfp_gm_sc1_22_bg.mfp-bg {background-color:#0b0b0b;}\\r\\n#mfp_gm_sc1_22_bg.mfp-bg {opacity:0.8;}\\r\\n#mfp_gm_sc1_22_bg.mfp-zoom-in.mfp-bg {opacity:0}\\r\\n#mfp_gm_sc1_22_bg.mfp-zoom-in.mfp-ready.mfp-bg {opacity:0.8;}\\r\\n#mfp_gm_sc1_22_bg.mfp-zoom-in.mfp-removing.mfp-bg {opacity:0}\"}; jQuery('#FlaGallery_sc1_22').flagPhantom([settings]); }); <\/script><\/div><noscript id=\"noscript_FlaGallery_sc1_22\"><img class=\"skip-lazy no-lazyload noLazy\" data-lazy-src=\"\" src =\"https:\/\/sniperhb.cz\/wp-content\/flagallery\/2003-becka-pro-juliet-a-barborku\/img00001.jpg\" alt=\"\" \/><img class=\"skip-lazy no-lazyload noLazy\" data-lazy-src=\"\" src =\"https:\/\/sniperhb.cz\/wp-content\/flagallery\/2003-becka-pro-juliet-a-barborku\/img00002.jpg\" alt=\"\" \/><img class=\"skip-lazy no-lazyload noLazy\" data-lazy-src=\"\" src =\"https:\/\/sniperhb.cz\/wp-content\/flagallery\/2003-becka-pro-juliet-a-barborku\/img00003.jpg\" alt=\"\" \/><img class=\"skip-lazy no-lazyload noLazy\" data-lazy-src=\"\" src =\"https:\/\/sniperhb.cz\/wp-content\/flagallery\/2003-becka-pro-juliet-a-barborku\/img00004.jpg\" alt=\"\" \/><img class=\"skip-lazy no-lazyload noLazy\" data-lazy-src=\"\" src =\"https:\/\/sniperhb.cz\/wp-content\/flagallery\/2003-becka-pro-juliet-a-barborku\/img00005.jpg\" alt=\"\" \/><img class=\"skip-lazy no-lazyload noLazy\" data-lazy-src=\"\" src =\"https:\/\/sniperhb.cz\/wp-content\/flagallery\/2003-becka-pro-juliet-a-barborku\/img00006.jpg\" alt=\"\" \/><img class=\"skip-lazy no-lazyload noLazy\" data-lazy-src=\"\" src =\"https:\/\/sniperhb.cz\/wp-content\/flagallery\/2003-becka-pro-juliet-a-barborku\/img00007.jpg\" alt=\"\" \/><img class=\"skip-lazy no-lazyload noLazy\" data-lazy-src=\"\" src =\"https:\/\/sniperhb.cz\/wp-content\/flagallery\/2003-becka-pro-juliet-a-barborku\/img00008.jpg\" alt=\"\" \/><img class=\"skip-lazy no-lazyload noLazy\" data-lazy-src=\"\" src =\"https:\/\/sniperhb.cz\/wp-content\/flagallery\/2003-becka-pro-juliet-a-barborku\/img00009.jpg\" alt=\"\" \/><img class=\"skip-lazy no-lazyload noLazy\" data-lazy-src=\"\" src =\"https:\/\/sniperhb.cz\/wp-content\/flagallery\/2003-becka-pro-juliet-a-barborku\/img00010.jpg\" alt=\"\" \/><img class=\"skip-lazy no-lazyload noLazy\" data-lazy-src=\"\" src =\"https:\/\/sniperhb.cz\/wp-content\/flagallery\/2003-becka-pro-juliet-a-barborku\/img00011.jpg\" alt=\"\" \/><img class=\"skip-lazy no-lazyload noLazy\" data-lazy-src=\"\" src =\"https:\/\/sniperhb.cz\/wp-content\/flagallery\/2003-becka-pro-juliet-a-barborku\/img00012.jpg\" alt=\"\" \/><img class=\"skip-lazy no-lazyload noLazy\" data-lazy-src=\"\" src =\"https:\/\/sniperhb.cz\/wp-content\/flagallery\/2003-becka-pro-juliet-a-barborku\/img00013.jpg\" alt=\"\" \/><img class=\"skip-lazy no-lazyload noLazy\" data-lazy-src=\"\" src =\"https:\/\/sniperhb.cz\/wp-content\/flagallery\/2003-becka-pro-juliet-a-barborku\/img00014.jpg\" alt=\"\" \/><img class=\"skip-lazy no-lazyload noLazy\" data-lazy-src=\"\" src =\"https:\/\/sniperhb.cz\/wp-content\/flagallery\/2003-becka-pro-juliet-a-barborku\/img00015.jpg\" alt=\"\" \/><img class=\"skip-lazy no-lazyload noLazy\" data-lazy-src=\"\" src =\"https:\/\/sniperhb.cz\/wp-content\/flagallery\/2003-becka-pro-juliet-a-barborku\/img00016.jpg\" alt=\"\" \/><img class=\"skip-lazy no-lazyload noLazy\" data-lazy-src=\"\" src =\"https:\/\/sniperhb.cz\/wp-content\/flagallery\/2003-becka-pro-juliet-a-barborku\/img00017.jpg\" alt=\"\" \/><img class=\"skip-lazy no-lazyload noLazy\" data-lazy-src=\"\" src =\"https:\/\/sniperhb.cz\/wp-content\/flagallery\/2003-becka-pro-juliet-a-barborku\/img00018.jpg\" alt=\"\" \/><img class=\"skip-lazy no-lazyload noLazy\" data-lazy-src=\"\" src =\"https:\/\/sniperhb.cz\/wp-content\/flagallery\/2003-becka-pro-juliet-a-barborku\/img00019.jpg\" alt=\"\" \/><img class=\"skip-lazy no-lazyload noLazy\" data-lazy-src=\"\" src =\"https:\/\/sniperhb.cz\/wp-content\/flagallery\/2003-becka-pro-juliet-a-barborku\/img00020.jpg\" alt=\"\" \/><img class=\"skip-lazy no-lazyload noLazy\" data-lazy-src=\"\" src =\"https:\/\/sniperhb.cz\/wp-content\/flagallery\/2003-becka-pro-juliet-a-barborku\/img00021.jpg\" alt=\"\" \/><img class=\"skip-lazy no-lazyload noLazy\" data-lazy-src=\"\" src =\"https:\/\/sniperhb.cz\/wp-content\/flagallery\/2003-becka-pro-juliet-a-barborku\/img00022.jpg\" alt=\"\" \/><\/noscript>\n","protected":false},"excerpt":{"rendered":"<p>Are\u00e1l Zdrav\u00ed III.\u00a0\u00a0 Juliet je Jerryho dcera , \u010d\u00ed dcera je Barborka netu\u0161\u00edm , stejn\u011b jako v\u016fbec nezn\u00e1m n\u011bkter\u00e9 lidi na fotografiich &nbsp;<\/p>\n","protected":false},"author":1,"featured_media":2518,"parent":1002,"menu_order":571,"comment_status":"closed","ping_status":"closed","template":"","meta":{"footnotes":""},"class_list":["post-1044","page","type-page","status-publish","has-post-thumbnail","hentry","nodate","item-wrap"],"_links":{"self":[{"href":"https:\/\/sniperhb.cz\/index.php?rest_route=\/wp\/v2\/pages\/1044","targetHints":{"allow":["GET"]}}],"collection":[{"href":"https:\/\/sniperhb.cz\/index.php?rest_route=\/wp\/v2\/pages"}],"about":[{"href":"https:\/\/sniperhb.cz\/index.php?rest_route=\/wp\/v2\/types\/page"}],"author":[{"embeddable":true,"href":"https:\/\/sniperhb.cz\/index.php?rest_route=\/wp\/v2\/users\/1"}],"replies":[{"embeddable":true,"href":"https:\/\/sniperhb.cz\/index.php?rest_route=%2Fwp%2Fv2%2Fcomments&post=1044"}],"version-history":[{"count":2,"href":"https:\/\/sniperhb.cz\/index.php?rest_route=\/wp\/v2\/pages\/1044\/revisions"}],"predecessor-version":[{"id":2499,"href":"https:\/\/sniperhb.cz\/index.php?rest_route=\/wp\/v2\/pages\/1044\/revisions\/2499"}],"up":[{"embeddable":true,"href":"https:\/\/sniperhb.cz\/index.php?rest_route=\/wp\/v2\/pages\/1002"}],"wp:featuredmedia":[{"embeddable":true,"href":"https:\/\/sniperhb.cz\/index.php?rest_route=\/wp\/v2\/media\/2518"}],"wp:attachment":[{"href":"https:\/\/sniperhb.cz\/index.php?rest_route=%2Fwp%2Fv2%2Fmedia&parent=1044"}],"curies":[{"name":"wp","href":"https:\/\/api.w.org\/{rel}","templated":true}]}}