{"id":2653,"date":"2016-12-27T12:47:33","date_gmt":"2016-12-27T11:47:33","guid":{"rendered":"http:\/\/sniperhb.cz\/?page_id=2653"},"modified":"2017-02-11T12:33:07","modified_gmt":"2017-02-11T11:33:07","slug":"stepansky-turnaj-2016","status":"publish","type":"page","link":"https:\/\/sniperhb.cz\/?page_id=2653","title":{"rendered":"2016 \u0160t\u011bp\u00e1nsk\u00fd turnaj"},"content":{"rendered":"<div class=\"flagallery phantom_skin\" id=\"FlaGallery_sc1_28\" style='width:1280;'><style type=\"text\/css\" class=\"flagallery_skin_style_import\">#FlaGallery_sc1_28 .flagPhantom_ThumbContainer {width:200px; height:180px;}#FlaGallery_sc1_28 .flagPhantom_MobileView .flagPhantom_ThumbContainer {width:150px; height:135px;}#FlaGallery_sc1_28 .flagPhantom_Container {margin-left:auto;margin-right:auto;}#FlaGallery_sc1_28 .flagPhantom_ThumbContainer {margin:8px 0 0 8px;}#FlaGallery_sc1_28 .flagPhantom_ThumbContainer {padding:2px;}#FlaGallery_sc1_28 .flagPhantom_LabelBottom .flagPhantom_ThumbContainer {padding-bottom:36px;}#FlaGallery_sc1_28 .flagPhantom_ThumbContainer,#FlaGallery_sc1_28 .flagPhantom_LabelBottom .flagPhantom_ThumbLabel {background-color:#ffffff;}#FlaGallery_sc1_28 .flagPhantom_ThumbContainer .flagPhantom_Thumb {opacity:0.9;}#FlaGallery_sc1_28 .flagPhantom_ThumbContainer:hover .flagPhantom_Thumb {opacity:1;}#FlaGallery_sc1_28 .flagPhantom_ThumbContainer {border:1px solid #cccccc;}#FlaGallery_sc1_28 .flagPhantom_ThumbContainer {box-shadow:0 0 5px -2px #cccccc;}#FlaGallery_sc1_28 .flagPhantom_ThumbLabel {color:#0b0b0b;}#FlaGallery_sc1_28 .flagPhantom_ThumbLabel a {color:#3695E7;}#FlaGallery_sc1_28 .flagPhantom_LabelInside .flagPhantom_ThumbLabel,#FlaGallery_sc1_28 .flagPhantom_LabelHover .flagPhantom_ThumbLabel {color:#ffffff;}#FlaGallery_sc1_28 .flagPhantom_LabelInside .flagPhantom_ThumbLabel a,#FlaGallery_sc1_28 .flagPhantom_LabelHover .flagPhantom_ThumbLabel a,#FlaGallery_sc1_28 .flagPhantom_LabelInside .flagPhantom_ThumbLabel a:hover,#FlaGallery_sc1_28 .flagPhantom_LabelHover .flagPhantom_ThumbLabel a:hover {color:#e7e179;}<\/style> <div class=\"flagPhantom_Container noLightbox\" style=\"opacity:0\"> <h3>2016 - \u0160t\u011bp\u00e1nsk\u00fd turnaj<\/h3> <div class=\"flagPhantom_thumbsWrapper flagPhantom_ThumbScale flagPhantom_LabelHover\"> <div class=\"flagPhantom_ThumbContainer flagPhantom_ThumbLoader\" data-id=\"1568\" data-ratio=\"1\" data-title=\"\" data-views=\"88\" data-likes=\"0\"> <a href=\"https:\/\/sniperhb.cz\/wp-content\/flagallery\/2016-stepansky-turnaj\/webview\/15725226_1419717278041466_2026235697_o.jpg\" class=\"flagPhantom_Thumb\"><img decoding=\"async\" class=\"noLazy\" src=\"https:\/\/sniperhb.cz\/wp-content\/flagallery\/2016-stepansky-turnaj\/thumbs\/thumbs_15725226_1419717278041466_2026235697_o.jpg\" data-src=\"https:\/\/sniperhb.cz\/wp-content\/flagallery\/2016-stepansky-turnaj\/webview\/15725226_1419717278041466_2026235697_o.jpg\" alt=\"\"\/><\/a> <div class=\"flagPhantom_ThumbLabel\"> <span class=\"flagPhantom_ThumbLabel_title\"><\/span><\/div> <div style=\"display:none;\" class=\"flagPhantom_Details\"> <\/div> <\/div> <div class=\"flagPhantom_ThumbContainer flagPhantom_ThumbLoader\" data-id=\"1569\" data-ratio=\"1\" data-title=\"\" data-views=\"88\" data-likes=\"0\"> <a href=\"https:\/\/sniperhb.cz\/wp-content\/flagallery\/2016-stepansky-turnaj\/webview\/15725318_1419716631374864_224730971_o.jpg\" class=\"flagPhantom_Thumb\"><img decoding=\"async\" class=\"noLazy\" src=\"https:\/\/sniperhb.cz\/wp-content\/flagallery\/2016-stepansky-turnaj\/thumbs\/thumbs_15725318_1419716631374864_224730971_o.jpg\" data-src=\"https:\/\/sniperhb.cz\/wp-content\/flagallery\/2016-stepansky-turnaj\/webview\/15725318_1419716631374864_224730971_o.jpg\" alt=\"\"\/><\/a> <div class=\"flagPhantom_ThumbLabel\"> <span class=\"flagPhantom_ThumbLabel_title\"><\/span><\/div> <div style=\"display:none;\" class=\"flagPhantom_Details\"> <\/div> <\/div> <div class=\"flagPhantom_ThumbContainer flagPhantom_ThumbLoader\" data-id=\"1570\" data-ratio=\"1\" data-title=\"\" data-views=\"54\" data-likes=\"0\"> <a href=\"https:\/\/sniperhb.cz\/wp-content\/flagallery\/2016-stepansky-turnaj\/webview\/15725712_1419717274708133_1809274675_o.jpg\" class=\"flagPhantom_Thumb\"><img decoding=\"async\" class=\"noLazy\" src=\"https:\/\/sniperhb.cz\/wp-content\/flagallery\/2016-stepansky-turnaj\/thumbs\/thumbs_15725712_1419717274708133_1809274675_o.jpg\" data-src=\"https:\/\/sniperhb.cz\/wp-content\/flagallery\/2016-stepansky-turnaj\/webview\/15725712_1419717274708133_1809274675_o.jpg\" alt=\"\"\/><\/a> <div class=\"flagPhantom_ThumbLabel\"> <span class=\"flagPhantom_ThumbLabel_title\"><\/span><\/div> <div style=\"display:none;\" class=\"flagPhantom_Details\"> <\/div> <\/div> <div class=\"flagPhantom_ThumbContainer flagPhantom_ThumbLoader\" data-id=\"1571\" data-ratio=\"1\" data-title=\"\" data-views=\"105\" data-likes=\"0\"> <a href=\"https:\/\/sniperhb.cz\/wp-content\/flagallery\/2016-stepansky-turnaj\/webview\/15725754_1419720168041177_718878639_o.jpg\" class=\"flagPhantom_Thumb\"><img decoding=\"async\" class=\"noLazy\" src=\"https:\/\/sniperhb.cz\/wp-content\/flagallery\/2016-stepansky-turnaj\/thumbs\/thumbs_15725754_1419720168041177_718878639_o.jpg\" data-src=\"https:\/\/sniperhb.cz\/wp-content\/flagallery\/2016-stepansky-turnaj\/webview\/15725754_1419720168041177_718878639_o.jpg\" alt=\"\"\/><\/a> <div class=\"flagPhantom_ThumbLabel\"> <span class=\"flagPhantom_ThumbLabel_title\"><\/span><\/div> <div style=\"display:none;\" class=\"flagPhantom_Details\"> <\/div> <\/div> <div class=\"flagPhantom_ThumbContainer flagPhantom_ThumbLoader\" data-id=\"1572\" data-ratio=\"1\" data-title=\"\" data-views=\"86\" data-likes=\"0\"> <a href=\"https:\/\/sniperhb.cz\/wp-content\/flagallery\/2016-stepansky-turnaj\/webview\/15725806_1419717208041473_1008477887_o.jpg\" class=\"flagPhantom_Thumb\"><img decoding=\"async\" class=\"noLazy\" src=\"https:\/\/sniperhb.cz\/wp-content\/flagallery\/2016-stepansky-turnaj\/thumbs\/thumbs_15725806_1419717208041473_1008477887_o.jpg\" data-src=\"https:\/\/sniperhb.cz\/wp-content\/flagallery\/2016-stepansky-turnaj\/webview\/15725806_1419717208041473_1008477887_o.jpg\" alt=\"\"\/><\/a> <div class=\"flagPhantom_ThumbLabel\"> <span class=\"flagPhantom_ThumbLabel_title\"><\/span><\/div> <div style=\"display:none;\" class=\"flagPhantom_Details\"> <\/div> <\/div> <div class=\"flagPhantom_ThumbContainer flagPhantom_ThumbLoader\" data-id=\"1573\" data-ratio=\"1\" data-title=\"\" data-views=\"81\" data-likes=\"0\"> <a href=\"https:\/\/sniperhb.cz\/wp-content\/flagallery\/2016-stepansky-turnaj\/webview\/15725904_1419717221374805_130355547_o.jpg\" class=\"flagPhantom_Thumb\"><img decoding=\"async\" class=\"noLazy\" src=\"https:\/\/sniperhb.cz\/wp-content\/flagallery\/2016-stepansky-turnaj\/thumbs\/thumbs_15725904_1419717221374805_130355547_o.jpg\" data-src=\"https:\/\/sniperhb.cz\/wp-content\/flagallery\/2016-stepansky-turnaj\/webview\/15725904_1419717221374805_130355547_o.jpg\" alt=\"\"\/><\/a> <div class=\"flagPhantom_ThumbLabel\"> <span class=\"flagPhantom_ThumbLabel_title\"><\/span><\/div> <div style=\"display:none;\" class=\"flagPhantom_Details\"> <\/div> <\/div> <div class=\"flagPhantom_ThumbContainer flagPhantom_ThumbLoader\" data-id=\"1574\" data-ratio=\"1\" data-title=\"\" data-views=\"68\" data-likes=\"0\"> <a href=\"https:\/\/sniperhb.cz\/wp-content\/flagallery\/2016-stepansky-turnaj\/webview\/15748036_1419716778041516_1618656052_o.jpg\" class=\"flagPhantom_Thumb\"><img decoding=\"async\" class=\"noLazy\" src=\"https:\/\/sniperhb.cz\/wp-content\/flagallery\/2016-stepansky-turnaj\/thumbs\/thumbs_15748036_1419716778041516_1618656052_o.jpg\" data-src=\"https:\/\/sniperhb.cz\/wp-content\/flagallery\/2016-stepansky-turnaj\/webview\/15748036_1419716778041516_1618656052_o.jpg\" alt=\"\"\/><\/a> <div class=\"flagPhantom_ThumbLabel\"> <span class=\"flagPhantom_ThumbLabel_title\"><\/span><\/div> <div style=\"display:none;\" class=\"flagPhantom_Details\"> <\/div> <\/div> <div class=\"flagPhantom_ThumbContainer flagPhantom_ThumbLoader\" data-id=\"1575\" data-ratio=\"1\" data-title=\"\" data-views=\"64\" data-likes=\"0\"> <a href=\"https:\/\/sniperhb.cz\/wp-content\/flagallery\/2016-stepansky-turnaj\/webview\/15748200_1419722261374301_1013906267_o.jpg\" class=\"flagPhantom_Thumb\"><img decoding=\"async\" class=\"noLazy\" src=\"https:\/\/sniperhb.cz\/wp-content\/flagallery\/2016-stepansky-turnaj\/thumbs\/thumbs_15748200_1419722261374301_1013906267_o.jpg\" data-src=\"https:\/\/sniperhb.cz\/wp-content\/flagallery\/2016-stepansky-turnaj\/webview\/15748200_1419722261374301_1013906267_o.jpg\" alt=\"\"\/><\/a> <div class=\"flagPhantom_ThumbLabel\"> <span class=\"flagPhantom_ThumbLabel_title\"><\/span><\/div> <div style=\"display:none;\" class=\"flagPhantom_Details\"> <\/div> <\/div> <div class=\"flagPhantom_ThumbContainer flagPhantom_ThumbLoader\" data-id=\"1576\" data-ratio=\"1\" data-title=\"\" data-views=\"55\" data-likes=\"0\"> <a href=\"https:\/\/sniperhb.cz\/wp-content\/flagallery\/2016-stepansky-turnaj\/webview\/15748399_1419716658041528_830093608_o.jpg\" class=\"flagPhantom_Thumb\"><img decoding=\"async\" class=\"noLazy\" src=\"https:\/\/sniperhb.cz\/wp-content\/flagallery\/2016-stepansky-turnaj\/thumbs\/thumbs_15748399_1419716658041528_830093608_o.jpg\" data-src=\"https:\/\/sniperhb.cz\/wp-content\/flagallery\/2016-stepansky-turnaj\/webview\/15748399_1419716658041528_830093608_o.jpg\" alt=\"\"\/><\/a> <div class=\"flagPhantom_ThumbLabel\"> <span class=\"flagPhantom_ThumbLabel_title\"><\/span><\/div> <div style=\"display:none;\" class=\"flagPhantom_Details\"> <\/div> <\/div> <div class=\"flagPhantom_ThumbContainer flagPhantom_ThumbLoader\" data-id=\"1577\" data-ratio=\"1\" data-title=\"\" data-views=\"63\" data-likes=\"0\"> <a href=\"https:\/\/sniperhb.cz\/wp-content\/flagallery\/2016-stepansky-turnaj\/webview\/15750017_1419716208041573_1025141109_n.jpg\" class=\"flagPhantom_Thumb\"><img decoding=\"async\" class=\"noLazy\" src=\"https:\/\/sniperhb.cz\/wp-content\/flagallery\/2016-stepansky-turnaj\/thumbs\/thumbs_15750017_1419716208041573_1025141109_n.jpg\" data-src=\"https:\/\/sniperhb.cz\/wp-content\/flagallery\/2016-stepansky-turnaj\/webview\/15750017_1419716208041573_1025141109_n.jpg\" alt=\"\"\/><\/a> <div class=\"flagPhantom_ThumbLabel\"> <span class=\"flagPhantom_ThumbLabel_title\"><\/span><\/div> <div style=\"display:none;\" class=\"flagPhantom_Details\"> <\/div> <\/div> <div class=\"flagPhantom_ThumbContainer flagPhantom_ThumbLoader\" data-id=\"1578\" data-ratio=\"1\" data-title=\"\" data-views=\"57\" data-likes=\"0\"> <a href=\"https:\/\/sniperhb.cz\/wp-content\/flagallery\/2016-stepansky-turnaj\/webview\/15776287_1419717538041440_1854430077_o.jpg\" class=\"flagPhantom_Thumb\"><img decoding=\"async\" class=\"noLazy\" src=\"https:\/\/sniperhb.cz\/wp-content\/flagallery\/2016-stepansky-turnaj\/thumbs\/thumbs_15776287_1419717538041440_1854430077_o.jpg\" data-src=\"https:\/\/sniperhb.cz\/wp-content\/flagallery\/2016-stepansky-turnaj\/webview\/15776287_1419717538041440_1854430077_o.jpg\" alt=\"\"\/><\/a> <div class=\"flagPhantom_ThumbLabel\"> <span class=\"flagPhantom_ThumbLabel_title\"><\/span><\/div> <div style=\"display:none;\" class=\"flagPhantom_Details\"> <\/div> <\/div> <div class=\"flagPhantom_ThumbContainer flagPhantom_ThumbLoader\" data-id=\"1579\" data-ratio=\"1\" data-title=\"\" data-views=\"51\" data-likes=\"0\"> <a href=\"https:\/\/sniperhb.cz\/wp-content\/flagallery\/2016-stepansky-turnaj\/webview\/15776401_1419717981374729_798610311_o.jpg\" class=\"flagPhantom_Thumb\"><img decoding=\"async\" class=\"noLazy\" src=\"https:\/\/sniperhb.cz\/wp-content\/flagallery\/2016-stepansky-turnaj\/thumbs\/thumbs_15776401_1419717981374729_798610311_o.jpg\" data-src=\"https:\/\/sniperhb.cz\/wp-content\/flagallery\/2016-stepansky-turnaj\/webview\/15776401_1419717981374729_798610311_o.jpg\" alt=\"\"\/><\/a> <div class=\"flagPhantom_ThumbLabel\"> <span class=\"flagPhantom_ThumbLabel_title\"><\/span><\/div> <div style=\"display:none;\" class=\"flagPhantom_Details\"> <\/div> <\/div> <div class=\"flagPhantom_ThumbContainer flagPhantom_ThumbLoader\" data-id=\"1580\" data-ratio=\"1\" data-title=\"\" data-views=\"47\" data-likes=\"0\"> <a href=\"https:\/\/sniperhb.cz\/wp-content\/flagallery\/2016-stepansky-turnaj\/webview\/15778285_1419716438041550_2021121280_o.jpg\" class=\"flagPhantom_Thumb\"><img decoding=\"async\" class=\"noLazy\" src=\"https:\/\/sniperhb.cz\/wp-content\/flagallery\/2016-stepansky-turnaj\/thumbs\/thumbs_15778285_1419716438041550_2021121280_o.jpg\" data-src=\"https:\/\/sniperhb.cz\/wp-content\/flagallery\/2016-stepansky-turnaj\/webview\/15778285_1419716438041550_2021121280_o.jpg\" alt=\"\"\/><\/a> <div class=\"flagPhantom_ThumbLabel\"> <span class=\"flagPhantom_ThumbLabel_title\"><\/span><\/div> <div style=\"display:none;\" class=\"flagPhantom_Details\"> <\/div> <\/div> <div class=\"flagPhantom_ThumbContainer flagPhantom_ThumbLoader\" data-id=\"1581\" data-ratio=\"1\" data-title=\"\" data-views=\"87\" data-likes=\"0\"> <a href=\"https:\/\/sniperhb.cz\/wp-content\/flagallery\/2016-stepansky-turnaj\/webview\/15778419_1419716581374869_1367442271_o.jpg\" class=\"flagPhantom_Thumb\"><img decoding=\"async\" class=\"noLazy\" src=\"https:\/\/sniperhb.cz\/wp-content\/flagallery\/2016-stepansky-turnaj\/thumbs\/thumbs_15778419_1419716581374869_1367442271_o.jpg\" data-src=\"https:\/\/sniperhb.cz\/wp-content\/flagallery\/2016-stepansky-turnaj\/webview\/15778419_1419716581374869_1367442271_o.jpg\" alt=\"\"\/><\/a> <div class=\"flagPhantom_ThumbLabel\"> <span class=\"flagPhantom_ThumbLabel_title\"><\/span><\/div> <div style=\"display:none;\" class=\"flagPhantom_Details\"> <\/div> <\/div> <\/div> <\/div> <script type=\"text\/javascript\"> jQuery(function(){ var settings = {\"maxheight\":\"0\",\"thumbCols\":\"0\",\"thumbRows\":\"0\",\"thumbsNavigation\":\"scroll\",\"bgColor\":\"#ffffff\",\"bgAlpha\":\"0\",\"thumbWidth\":\"200\",\"thumbHeight\":\"180\",\"thumbWidthMobile\":\"150\",\"thumbHeightMobile\":\"135\",\"thumbsSpacing\":\"8\",\"thumbsVerticalPadding\":\"4\",\"thumbsHorizontalPadding\":\"4\",\"thumbsAlign\":\"center\",\"thumbScale\":\"1\",\"thumbBG\":\"#ffffff\",\"thumbAlpha\":\"90\",\"thumbAlphaHover\":\"100\",\"thumbBorderSize\":\"1\",\"thumbBorderColor\":\"#cccccc\",\"thumbPadding\":\"2\",\"thumbsInfo\":\"label\",\"labelOnHover\":\"1\",\"labelTextColor\":\"#ffffff\",\"labelLinkColor\":\"#e7e179\",\"label8TextColor\":\"#0b0b0b\",\"label8LinkColor\":\"#3695E7\",\"tooltipTextColor\":\"#0b0b0b\",\"tooltipBgColor\":\"#ffffff\",\"tooltipStrokeColor\":\"#000000\",\"lightboxControlsColor\":\"#ffffff\",\"lightboxTitleColor\":\"#f3f3f3\",\"lightboxTextColor\":\"#f3f3f3\",\"lightboxBGColor\":\"#0b0b0b\",\"lightboxBGAlpha\":\"80\",\"socialShareEnabled\":\"1\",\"deepLinks\":\"1\",\"sidebarBGColor\":\"#ffffff\",\"lightbox800HideArrows\":\"0\",\"viewsEnabled\":\"1\",\"likesEnabled\":\"1\",\"thumb2link\":\"0\",\"show_title\":\"1\",\"initRPdelay\":\"200\",\"key\":\"\",\"name\":\"\",\"mfp_css\":\"\\r\\n#mfp_gm_sc1_28 .mfp-arrow-right:after,\\r\\n#mfp_gm_sc1_28 .mfp-arrow-right .mfp-a {border-left-color:#ffffff;}\\r\\n#mfp_gm_sc1_28 .mfp-arrow-left:after,\\r\\n#mfp_gm_sc1_28 .mfp-arrow-left .mfp-a {border-right-color:#ffffff;}\\r\\n#mfp_gm_sc1_28 .mfp-close,\\r\\n#mfp_gm_sc1_28 .mfp-likes,\\r\\n#mfp_gm_sc1_28 .mfp-share {color:#ffffff;}\\r\\n#mfp_gm_sc1_28 .mfp-preloader {background-color:#ffffff;}\\r\\n#mfp_gm_sc1_28 .flagPhantom_title,\\r\\n#mfp_gm_sc1_28 .mfp-counter {color:#f3f3f3;}\\r\\n#mfp_gm_sc1_28 .flagPhantom_text {color:#f3f3f3;}\\r\\n#mfp_gm_sc1_28_bg.mfp-bg {background-color:#0b0b0b;}\\r\\n#mfp_gm_sc1_28_bg.mfp-bg {opacity:0.8;}\\r\\n#mfp_gm_sc1_28_bg.mfp-zoom-in.mfp-bg {opacity:0}\\r\\n#mfp_gm_sc1_28_bg.mfp-zoom-in.mfp-ready.mfp-bg {opacity:0.8;}\\r\\n#mfp_gm_sc1_28_bg.mfp-zoom-in.mfp-removing.mfp-bg {opacity:0}\"}; jQuery('#FlaGallery_sc1_28').flagPhantom([settings]); }); <\/script><\/div><noscript id=\"noscript_FlaGallery_sc1_28\"><img class=\"skip-lazy no-lazyload noLazy\" data-lazy-src=\"\" src =\"https:\/\/sniperhb.cz\/wp-content\/flagallery\/2016-stepansky-turnaj\/15725226_1419717278041466_2026235697_o.jpg\" alt=\"\" \/><img class=\"skip-lazy no-lazyload noLazy\" data-lazy-src=\"\" src =\"https:\/\/sniperhb.cz\/wp-content\/flagallery\/2016-stepansky-turnaj\/15725318_1419716631374864_224730971_o.jpg\" alt=\"\" \/><img class=\"skip-lazy no-lazyload noLazy\" data-lazy-src=\"\" src =\"https:\/\/sniperhb.cz\/wp-content\/flagallery\/2016-stepansky-turnaj\/15725712_1419717274708133_1809274675_o.jpg\" alt=\"\" \/><img class=\"skip-lazy no-lazyload noLazy\" data-lazy-src=\"\" src =\"https:\/\/sniperhb.cz\/wp-content\/flagallery\/2016-stepansky-turnaj\/15725754_1419720168041177_718878639_o.jpg\" alt=\"\" \/><img class=\"skip-lazy no-lazyload noLazy\" data-lazy-src=\"\" src =\"https:\/\/sniperhb.cz\/wp-content\/flagallery\/2016-stepansky-turnaj\/15725806_1419717208041473_1008477887_o.jpg\" alt=\"\" \/><img class=\"skip-lazy no-lazyload noLazy\" data-lazy-src=\"\" src =\"https:\/\/sniperhb.cz\/wp-content\/flagallery\/2016-stepansky-turnaj\/15725904_1419717221374805_130355547_o.jpg\" alt=\"\" \/><img class=\"skip-lazy no-lazyload noLazy\" data-lazy-src=\"\" src =\"https:\/\/sniperhb.cz\/wp-content\/flagallery\/2016-stepansky-turnaj\/15748036_1419716778041516_1618656052_o.jpg\" alt=\"\" \/><img class=\"skip-lazy no-lazyload noLazy\" data-lazy-src=\"\" src =\"https:\/\/sniperhb.cz\/wp-content\/flagallery\/2016-stepansky-turnaj\/15748200_1419722261374301_1013906267_o.jpg\" alt=\"\" \/><img class=\"skip-lazy no-lazyload noLazy\" data-lazy-src=\"\" src =\"https:\/\/sniperhb.cz\/wp-content\/flagallery\/2016-stepansky-turnaj\/15748399_1419716658041528_830093608_o.jpg\" alt=\"\" \/><img class=\"skip-lazy no-lazyload noLazy\" data-lazy-src=\"\" src =\"https:\/\/sniperhb.cz\/wp-content\/flagallery\/2016-stepansky-turnaj\/15750017_1419716208041573_1025141109_n.jpg\" alt=\"\" \/><img class=\"skip-lazy no-lazyload noLazy\" data-lazy-src=\"\" src =\"https:\/\/sniperhb.cz\/wp-content\/flagallery\/2016-stepansky-turnaj\/15776287_1419717538041440_1854430077_o.jpg\" alt=\"\" \/><img class=\"skip-lazy no-lazyload noLazy\" data-lazy-src=\"\" src =\"https:\/\/sniperhb.cz\/wp-content\/flagallery\/2016-stepansky-turnaj\/15776401_1419717981374729_798610311_o.jpg\" alt=\"\" \/><img class=\"skip-lazy no-lazyload noLazy\" data-lazy-src=\"\" src =\"https:\/\/sniperhb.cz\/wp-content\/flagallery\/2016-stepansky-turnaj\/15778285_1419716438041550_2021121280_o.jpg\" alt=\"\" \/><img class=\"skip-lazy no-lazyload noLazy\" data-lazy-src=\"\" src =\"https:\/\/sniperhb.cz\/wp-content\/flagallery\/2016-stepansky-turnaj\/15778419_1419716581374869_1367442271_o.jpg\" alt=\"\" \/><\/noscript>\n","protected":false},"excerpt":{"rendered":"","protected":false},"author":1,"featured_media":2657,"parent":1002,"menu_order":0,"comment_status":"closed","ping_status":"closed","template":"","meta":{"footnotes":""},"class_list":["post-2653","page","type-page","status-publish","has-post-thumbnail","hentry","nodate","item-wrap"],"_links":{"self":[{"href":"https:\/\/sniperhb.cz\/index.php?rest_route=\/wp\/v2\/pages\/2653","targetHints":{"allow":["GET"]}}],"collection":[{"href":"https:\/\/sniperhb.cz\/index.php?rest_route=\/wp\/v2\/pages"}],"about":[{"href":"https:\/\/sniperhb.cz\/index.php?rest_route=\/wp\/v2\/types\/page"}],"author":[{"embeddable":true,"href":"https:\/\/sniperhb.cz\/index.php?rest_route=\/wp\/v2\/users\/1"}],"replies":[{"embeddable":true,"href":"https:\/\/sniperhb.cz\/index.php?rest_route=%2Fwp%2Fv2%2Fcomments&post=2653"}],"version-history":[{"count":3,"href":"https:\/\/sniperhb.cz\/index.php?rest_route=\/wp\/v2\/pages\/2653\/revisions"}],"predecessor-version":[{"id":2749,"href":"https:\/\/sniperhb.cz\/index.php?rest_route=\/wp\/v2\/pages\/2653\/revisions\/2749"}],"up":[{"embeddable":true,"href":"https:\/\/sniperhb.cz\/index.php?rest_route=\/wp\/v2\/pages\/1002"}],"wp:featuredmedia":[{"embeddable":true,"href":"https:\/\/sniperhb.cz\/index.php?rest_route=\/wp\/v2\/media\/2657"}],"wp:attachment":[{"href":"https:\/\/sniperhb.cz\/index.php?rest_route=%2Fwp%2Fv2%2Fmedia&parent=2653"}],"curies":[{"name":"wp","href":"https:\/\/api.w.org\/{rel}","templated":true}]}}