{"id":310,"date":"2015-11-23T12:04:23","date_gmt":"2015-11-23T11:04:23","guid":{"rendered":"http:\/\/hb17.com\/sniper\/?page_id=310"},"modified":"2019-09-25T21:06:00","modified_gmt":"2019-09-25T20:06:00","slug":"liga","status":"publish","type":"page","link":"https:\/\/sniperhb.cz\/?page_id=310","title":{"rendered":"Liga"},"content":{"rendered":"<p>P\u0159ehled um\u00edst\u011bn\u00ed v\u0161ech t\u00fdm\u016f SNIPER od za\u010d\u00e1tku p\u016fsoben\u00ed v lize<br \/>\n<a href=\"https:\/\/sniperhb.cz\/wp-content\/uploads\/2015\/11\/smoss_1997-1998.htm\">smoss_1997-1998<br \/>\n<\/a><a href=\"https:\/\/sniperhb.cz\/wp-content\/uploads\/2015\/11\/smoss_1999-2000.htm\">smoss_1999-2000<br \/>\n<\/a><a href=\"https:\/\/sniperhb.cz\/wp-content\/uploads\/2015\/11\/smoss_2000-2001.htm\">smoss_2000-2001<br \/>\n<\/a><a href=\"https:\/\/sniperhb.cz\/wp-content\/uploads\/2015\/11\/smoss_2001-2002.htm\">smoss_2001-2002<br \/>\n<\/a><a href=\"https:\/\/sniperhb.cz\/wp-content\/uploads\/2015\/11\/smoss_2002-2003.htm\">smoss_2002-2003<br \/>\n<\/a><a href=\"https:\/\/sniperhb.cz\/wp-content\/uploads\/2015\/11\/smoss_2003-2004.htm\">smoss_2003-2004<br \/>\n<\/a><a href=\"https:\/\/sniperhb.cz\/wp-content\/uploads\/2015\/11\/smoss_2004-2005.htm\">smoss_2004-2005<br \/>\n<\/a><a href=\"https:\/\/sniperhb.cz\/wp-content\/uploads\/2015\/11\/smoss_2005-2006.htm\">smoss_2005-2006<br \/>\n<\/a><a href=\"https:\/\/sniperhb.cz\/wp-content\/uploads\/2015\/11\/smoss_2006-2007.htm\">smoss_2006-2007<br \/>\n<\/a><a href=\"https:\/\/sniperhb.cz\/wp-content\/uploads\/2015\/11\/2007-2008.xls\">smoss_2007-2008<br \/>\n<\/a><a href=\"https:\/\/sniperhb.cz\/wp-content\/uploads\/2015\/11\/2008-2009.xls\">smoss_2008-2009<br \/>\n<\/a><a href=\"http:\/\/www.sipky.org\/?region=msk&amp;page=ligova-skupina&amp;season=1379&amp;league=11779\" target=\"_blank\" rel=\"noopener noreferrer\">smoss_2009-2010 A<br \/>\n<\/a><a href=\"http:\/\/www.sipky.org\/?region=msk&amp;page=ligova-skupina&amp;season=1379&amp;league=12803\" target=\"_blank\" rel=\"noopener noreferrer\">smoss_2009-2010 B<br \/>\n<\/a><a href=\"http:\/\/www.sipky.org\/?region=msk&amp;page=ligova-skupina&amp;season=1891&amp;league=17923\" target=\"_blank\" rel=\"noopener noreferrer\">smoss_2010-2011 A<br \/>\nsmoss_2010-2011 B<br \/>\nsmoss_2011-2012<br \/>\n<\/a><a href=\"http:\/\/www.sipky.org\/?region=msk&amp;page=ligova-skupina&amp;season=2147&amp;league=21763\" target=\"_blank\" rel=\"noopener noreferrer\">smoss_2012-2013 A<br \/>\nsmoss_2012-2013 B<br \/>\n<\/a><a href=\"http:\/\/www.sipky.org\/?region=msk&amp;page=ligova-skupina&amp;season=2403&amp;league=24579\" target=\"_blank\" rel=\"noopener noreferrer\">smoss_2013-2014<br \/>\n<\/a><a href=\"http:\/\/www.sipky.org\/?region=msk&amp;page=ligova-skupina&amp;season=2659&amp;league=27395\" target=\"_blank\" rel=\"noopener noreferrer\">smoss_2014-2015 A<br \/>\n<\/a><a href=\"http:\/\/www.sipky.org\/?region=msk&amp;page=ligova-skupina&amp;season=2659&amp;league=28419\" target=\"_blank\" rel=\"noopener noreferrer\">smoss_2014-2015 B<br \/>\n<\/a><a href=\"http:\/\/www.sipky.org\/?region=msk&amp;page=ligova-skupina&amp;season=2915&amp;league=31491\">Ro\u010dn\u00edk 2015 &#8211; 2016 Team A 3.m\u00edsto<br \/>\n<\/a><a href=\"http:\/\/www.sipky.org\/?region=msk&amp;page=ligova-skupina&amp;season=2915&amp;league=33027\">Ro\u010dn\u00edk 2015 &#8211; 2016 Team B 3.m\u00edsto<\/a><br \/>\n<a href=\"http:\/\/www.sipky.org\/?region=msk&amp;page=ligova-skupina&amp;season=3171&amp;league=34563\" target=\"_blank\" rel=\"noopener noreferrer\">Ro\u010dn\u00edk 2016 &#8211; 2017 Team A 4.m\u00edsto<\/a><br \/>\n<a href=\"https:\/\/sniperhb.cz\/?p=2897\">Ro\u010dn\u00edk 2016 &#8211; 2017 Team B 15.m\u00edsto<\/a><br \/>\n<a href=\"https:\/\/www.sipky.org\/?region=msk&amp;page=ligova-skupina&amp;season=3427&amp;league=36611\">Ro\u010dn\u00edk 2017 &#8211; 2018 Team A 2.m\u00edsto<\/a><br \/>\n<a href=\"https:\/\/www.sipky.org\/?region=msk&amp;page=ligova-skupina&amp;season=3683&amp;league=39427\">Ro\u010dn\u00edk 2018 \u2013 2019 Team A 4.m\u00edsto<\/a><\/p>\n<p>&nbsp;<\/p>\n<p>&nbsp;<\/p>\n<p>&nbsp;<\/p>\n<p>&nbsp;<\/p>\n","protected":false},"excerpt":{"rendered":"<p>P\u0159ehled um\u00edst\u011bn\u00ed v\u0161ech t\u00fdm\u016f SNIPER od za\u010d\u00e1tku p\u016fsoben\u00ed v lize smoss_1997-1998 smoss_1999-2000 smoss_2000-2001 smoss_2001-2002 smoss_2002-2003 smoss_2003-2004 smoss_2004-2005 smoss_2005-2006 smoss_2006-2007 smoss_2007-2008 smoss_2008-2009 smoss_2009-2010 A smoss_2009-2010 B smoss_2010-2011 A smoss_2010-2011 B smoss_2011-2012 smoss_2012-2013 A smoss_2012-2013 B smoss_2013-2014 smoss_2014-2015 A smoss_2014-2015 B Ro\u010dn\u00edk 2015 &#8211; 2016 Team A 3.m\u00edsto Ro\u010dn\u00edk 2015 &#8211; 2016 Team B 3.m\u00edsto Ro\u010dn\u00edk 2016 &hellip; <\/p>\n<p><a class=\"more-link btn\" href=\"https:\/\/sniperhb.cz\/?page_id=310\">Pokra\u010dovat ve \u010dten\u00ed<\/a><\/p>\n","protected":false},"author":1,"featured_media":0,"parent":0,"menu_order":0,"comment_status":"closed","ping_status":"closed","template":"","meta":{"footnotes":""},"class_list":["post-310","page","type-page","status-publish","hentry","nodate","item-wrap"],"_links":{"self":[{"href":"https:\/\/sniperhb.cz\/index.php?rest_route=\/wp\/v2\/pages\/310","targetHints":{"allow":["GET"]}}],"collection":[{"href":"https:\/\/sniperhb.cz\/index.php?rest_route=\/wp\/v2\/pages"}],"about":[{"href":"https:\/\/sniperhb.cz\/index.php?rest_route=\/wp\/v2\/types\/page"}],"author":[{"embeddable":true,"href":"https:\/\/sniperhb.cz\/index.php?rest_route=\/wp\/v2\/users\/1"}],"replies":[{"embeddable":true,"href":"https:\/\/sniperhb.cz\/index.php?rest_route=%2Fwp%2Fv2%2Fcomments&post=310"}],"version-history":[{"count":13,"href":"https:\/\/sniperhb.cz\/index.php?rest_route=\/wp\/v2\/pages\/310\/revisions"}],"predecessor-version":[{"id":3608,"href":"https:\/\/sniperhb.cz\/index.php?rest_route=\/wp\/v2\/pages\/310\/revisions\/3608"}],"wp:attachment":[{"href":"https:\/\/sniperhb.cz\/index.php?rest_route=%2Fwp%2Fv2%2Fmedia&parent=310"}],"curies":[{"name":"wp","href":"https:\/\/api.w.org\/{rel}","templated":true}]}}